at are the prime factors of 166759?
37, 4507
List the prime factors of 5334597.
3, 23, 25771
What are the prime factors of 222728?
2, 11, 2531
List the prime factors of 7994045.
5, 929, 1721
What are the prime factors of 43855?
5, 7, 179
What are the prime factors of 1664346?
2, 3, 241, 1151
What are the prime factors of 375974?
2, 187987
List the prime factors of 1518244.
2, 7, 13, 43, 97
What are the prime factors of 189202?
2, 13, 19, 383
What are the prime factors of 4672487?
4672487
List the prime factors of 218134.
2, 7, 15581
List the prime factors of 616467.
3, 67, 3067
What are the prime factors of 7677214?
2, 331, 11597
List the prime factors of 21666834.
2, 3, 7, 61, 2819
What are the prime factors of 10034?
2, 29, 173
What are the prime factors of 274158?
2, 3, 5077
List the prime factors of 5570013.
3, 59, 31469
List the prime factors of 3292988.
2, 283, 2909
List the prime factors of 127369.
11, 11579
What are the prime factors of 3523381?
3523381
List the prime factors of 1768694.
2, 383, 2309
List the prime factors of 391052.
2, 59, 1657
List the prime factors of 25399361.
13, 419, 4663
List the prime factors of 872733.
3, 421, 691
List the prime factors of 122644.
2, 30661
What are the prime factors of 198473?
11, 18043
What are the prime factors of 2888108?
2, 722027
List the prime factors of 815301.
3, 157, 577
List the prime factors of 5486336.
2, 29, 739
List the prime factors of 536956.
2, 7, 127, 151
List the prime factors of 174824.
2, 13, 41
List the prime factors of 2578326.
2, 3, 41, 47, 223
List the prime factors of 8806419.
3, 978491
List the prime factors of 4723540.
2, 5, 59, 4003
What are the prime factors of 9365310?
2, 3, 5, 104059
List the prime factors of 950304.
2, 3, 19, 521
What are the prime factors of 1022471?
71, 14401
List the prime factors of 7841796.
2, 3, 673, 971
What are the prime factors of 985678?
2, 492839
What are the prime factors of 3354450?
2, 3, 5, 11, 19, 107
What are the prime factors of 8521568?
2, 11, 43, 563
List the prime factors of 10241332.
2, 227, 11279
List the prime factors of 6696431.
7, 956633
What are the prime factors of 149540?
2, 5, 7477
What are the prime factors of 906613?
906613
List the prime factors of 28971585.
3, 5, 523, 1231
List the prime factors of 2148724.
2, 537181
List the prime factors of 4215288.
2, 3, 7, 11, 2281
List the prime factors of 3600.
2, 3, 5
List the prime factors of 137103.
3, 23, 1987
What are the prime factors of 821395?
5, 164279
What are the prime factors of 1139683?
1139683
List the prime factors of 96858.
2, 3, 5381
What are the prime factors of 300230?
2, 5, 7, 4289
What are the prime factors of 93799?
97, 967
List the prime factors of 117083.
191, 613
List the prime factors of 895632.
2, 3, 47, 397
List the prime factors of 1163905.
5, 17, 13693
List the prime factors of 414348.
2, 3, 11, 43, 73
List the prime factors of 989348.
2, 247337
List the prime factors of 1218472.
2, 223, 683
List the prime factors of 1221517.
11, 293, 379
What are the prime factors of 1559496?
2, 3, 181, 359
List the prime factors of 314089.
19, 61, 271
List the prime factors of 559168.
2, 8737
List the prime factors of 22308011.
11, 373, 5437
What are the prime factors of 652804?
2, 293, 557
What are the prime factors of 1838687?
19, 29, 47, 71
What are the prime factors of 21109759?
11, 1091, 1759
List the prime factors of 839534.
2, 19, 22093
List the prime factors of 9168624.
2, 3, 63671
What are the prime factors of 3661190?
2, 5, 13, 28163
What are the prime factors of 13724426?
2, 6862213
What are the prime factors of 34617?
3, 11, 1049
List the prime factors of 2280566.
2, 113, 10091
List the prime factors of 10192529.
1361, 7489
What are the prime factors of 170708?
2, 42677
What are the prime factors of 332957?
233, 1429
What are the prime factors of 453186?
2, 3, 17, 1481
List the prime factors of 331133.
11, 30103
What are the prime factors of 2360070?
2, 3, 5, 8741
What are the prime factors of 4968262?
2, 13, 14699
What are the prime factors of 75592?
2, 11, 859
What are the prime factors of 217089?
3, 24121
What are the prime factors of 1569429?
3, 37, 1571
List the prime factors of 8076165.
3, 5, 538411
What are the prime factors of 211816?
2, 11, 29, 83
What are the prime factors of 149047?
113, 1319
What are the prime factors of 460758?
2, 3, 41, 1873
List the prime factors of 12169885.
5, 7, 13, 3821
What are the prime factors of 18698870?
2, 5, 41, 59, 773
List the prime factors of 27188417.
53, 512989
List the prime factors of 12807673.
193, 66361
List the prime factors of 744197.
211, 3527
List the prime factors of 483603.
3, 161201
What are the prime factors of 8839939?
619, 14281
What are the prime factors of 700704?
2, 3, 811
What are the prime factors of 370707?
3, 29, 4261
What are the prime factors of 115934?
2, 7, 13
List the prime factors of 14722883.
7, 113, 2659
What are the prime factors of 823718?
2, 7, 17, 3461
List the prime factors of 2560475.
5, 23, 61, 73
What are the prime factors of 1211578?
2, 605789
List the prime factors of 4059.
3, 11, 41
List the prime factors of 3085289.
23, 53, 2531
List the prime factors of 11890204.
2, 2972551
List the prime factors of 371247.
3, 67, 1847
What are the prime factors of 25444121?
17, 67, 89, 251
List the prime factors of 2486399.
109, 22811
List the prime factors of 3452873.
31, 3593
What are the prime factors of 931170?
2, 3, 5, 31039
What are the prime factors of 11347692?
2, 3, 191, 4951
What are the prime factors of 1590048?
2, 3, 5521
List the prime factors of 27006621.
3, 331, 27197
List the prime factors of 384245.
5, 31, 37, 67
List the prime factors of 140693.
7, 101, 199
List the prime factors of 553752.
2, 3, 7691
What are the prime factors of 1621281?
3, 277, 1951
List the prime factors of 132211.
29, 47, 97
What are the prime factors of 421213?
13, 32401
List the prime factors of 47436.
2, 3, 59, 67
List the prime factors of 398776.
2, 7, 7121
What are the prime factors of 102076?
2, 13, 151
List the prime factors of 5207093.
239, 21787
List the prime factors of 2438975.
5, 7, 11, 181
List the prime factors of 292994.
2, 13, 59, 191
What are the prime factors of 382596?
2, 3, 31883
List the prime factors of 356257.
11, 139, 233
What are the prime factors of 320744?
2, 40093
What are the prime factors of 4707278?
2, 2353639
What are the prime factors of 32758445?
5, 6551689
List the prime factors of 9915299.
9915299
List the prime factors of 813058.
2, 223, 1823
List the prime factors of 5463645.
3, 5, 11, 33113
What are the prime factors of 24314156?
2, 6078539
List the prime factors of 11172853.
37, 67, 4507
What are the prime factors of 1269521?
11, 131, 881
List the prime factors of 12376334.
2, 19, 325693
List the prime factors of 788940.
2, 3, 5, 487
What are the prime factors of 9694036?
2, 11, 20029
List the prime factors of 10312280.
2, 5, 11, 23, 1019
List the prime factors of 2544119.
19, 293, 457
List the prime factors of 32698973.
17, 1923469
What are the prime factors of 12110110?
2, 5, 29, 41759
What are the prime factors of 279508?
2, 69877
List the prime factors of 25494789.
3, 19, 313, 1429
What are the prime factors of 3313645?
5, 131, 5059
List the prime factors of 91354.
2, 45677
List the prime factors of 9650948.
2, 67, 36011
What are the prime factors of 2683527?
3, 7, 11, 11617
What are the prime factors of 515267?
61, 8447
What are the prime factors of 43978?
2, 11, 1999
What are the prime factors of 71256?
2, 3, 2969
List the prime factors of 288473.
17, 71, 239
List the prime factors of 9091976.
2, 71, 16007
List the prime factors of 25043156.
2, 191, 32779
What are the prime factors of 670450?
2, 5, 11, 23, 53
What are the prime factors of 16786841?
31, 541511
List the prime factors of 5373911.
41, 131071
What are the prime factors of 12609297?
3, 179, 2609
What are the prime factors of 1483283?
1483283
List the prime factors of 1716800.
2, 5, 29, 37
List the prime factors of 391336.
2, 11, 4447
What are the prime factors of 178433?
109, 1637
What are the prime factors of 7820093?
7820093
List the prime factors of 958291.
317, 3023
List the prime factors of 831668.
2, 19, 31, 353
What are the prime factors of 396363?
3, 11, 12011
What 